third derivative of n**6/20 - 5*n**4/24 - n**3 + 10*n**2. Is r(z) a composite number?
False
Let g(d) be the second derivative of d**5/60 - 5*d**4/6 - 5*d**3/3 + 4*d**2 + 8*d. Let z(r) be the first derivative of g(r). Is z(-13) composite?
False
Let d(o) = o**3 - 2*o**2 + 4*o - 3. Let j be d(2). Suppose -i + 5*i - 126 = -j*b, -3*b = -i - 62. Let x = -8 + b. Is x a composite number?
True
Let v(w) = -41*w - 6. Let z be v(-2). Let t = -3 - -9. Suppose -h + t = 2, -z = -4*s + 3*h. Is s a composite number?
True
Let n = 3747 - 1623. Let j = n - 1511. Is j composite?
False
Suppose g = -g. Let m = 1412 - 543. Suppose g = 4*a - 1479 - m. Is a a composite number?
False
Let b(c) be the first derivative of -c**4/4 + 3*c**3 - 5*c**2 + 7*c - 24. Is b(6) prime?
False
Let l = 5563 - 2621. Is l a composite number?
True
Suppose -a = 2*a - 6. Suppose -4*h = 16, 0 = -a*d + h + 1591 - 509. Let b = d - 208. Is b a composite number?
False
Suppose -14*w = -9*w + 100. Is ((-1576)/w)/(4/20) a prime number?
False
Suppose 2196 = 2*c - 2*z, -5*c - 2*z + 6220 = 737. Is c prime?
True
Suppose -2*g + g - 115 = 0. Let r = 394 - 170. Let j = r - g. Is j prime?
False
Let t be (-749)/1 + -4 - (3 + 1). Suppose 0 = l - 4*p + 450, 5*p - 1822 = 2*l + 2*l. Let q = l - t. Is q a composite number?
True
Suppose 15*j + 1806 = j. Let i = 526 + j. Is i a composite number?
False
Let s(y) = -71*y + 8. Let t(o) = 141*o - 15. Let l(n) = -5*s(n) - 3*t(n). Is l(-7) a prime number?
False
Let d(z) = -9*z**3 - 5*z**2 - 14*z - 15. Let i be d(-8). Let f = -2368 + i. Is f composite?
False
Let j(i) = 631*i**2 - 3*i + 35. Is j(-6) prime?
True
Let u(r) = -18*r**2 + r + 4. Let m be u(-3). Let d(b) = -16*b**2 - 68*b + 414. Let q be d(6). Let i = m - q. Is i a prime number?
True
Let m(f) be the first derivative of -f**2/2 - 17*f - 8. Let l be m(-8). Is ((-34)/6)/(1/l) a prime number?
False
Is 4/(-2)*(-208604)/88 a prime number?
False
Let y = -367 - -578. Suppose -f = -2*f + y. Is f a composite number?
False
Is 7*(26/(-26) + 1777 + 1) a composite number?
True
Let h(b) = -b**2 + 6*b - 16*b + 18 - 2*b + 2*b**2. Let g = 5 - -8. Is h(g) a composite number?
False
Let v(h) = 2*h**2 - 11*h + 163. Is v(-26) a prime number?
True
Let t(p) = -34 + 17 + 13*p + 2*p**2 + 12. Is t(-12) a prime number?
True
Suppose 4*m - 4*f = 9196, -52*m + f + 9205 = -48*m. Is m a composite number?
True
Let k be (-467)/2 + (-3)/6. Let l = k + 435. Suppose -l = -c + 380. Is c a composite number?
True
Suppose 5*x - 25 = 0, -o + 4*x + 130 = -4929. Is o prime?
False
Suppose 9 = 3*d - 6*d. Let g(x) = -7*x**2 + x - 3 + 4 - 8*x + 6*x**2. Is g(d) a composite number?
False
Suppose 4*s = 5*s - 484. Let v = s + -323. Is v a composite number?
True
Let z be 2*(7 + -3)/(1 - -1). Suppose 5*a + b - 1116 = 0, z*a + 3*b = -0*a + 895. Is a a composite number?
False
Is (-10)/80*4 + 6455/2 a composite number?
True
Let x(s) = s**3 + 2*s**2 - 2*s + 1. Let c be x(1). Let p = 39 + -37. Is (-2 - (-158 - p))/c a composite number?
False
Suppose 103*n + 41157 - 457586 = 0. Is n a composite number?
True
Suppose 0*l + l + 62 = 0. Let u = l - -178. Suppose -2*q = -4*q + u. Is q composite?
True
Is (1 + -3)*((-59772)/8)/3 composite?
True
Suppose 2 = -2*q - 2*x, 3 = 4*q - 2*x - 11. Suppose q*h = -3*h. Suppose -u - u + 422 = h. Is u composite?
False
Suppose 3*v + 16 = 5*f - 7, 0 = 4*f - v - 17. Let l(n) = 58*n - 14. Let q be l(-15). Is q/(-16) + (-1)/f prime?
False
Let q be (-622 - 4) + (0 - -1). Let w = 1298 + q. Is w a prime number?
True
Let y(j) be the third derivative of 1/20*j**5 + 5/6*j**3 + 7*j**2 + 0 - 7/24*j**4 + 0*j. Is y(7) prime?
True
Let r(t) = -81*t - 2. Let x be r(-5). Suppose -x = -5*s + 3*o, -5*o + 394 = 5*s - 41. Is s prime?
True
Suppose 26859 = 2*s - 44897. Is s a prime number?
False
Let s(b) = 13 + 0 - 17*b + 5*b + 1. Is s(-15) a prime number?
False
Let r be 162/3 - -1 - -1. Suppose -11 = 3*v - r. Is ((-55)/15)/((-1)/v) composite?
True
Suppose -2*l + 4*o + 37062 = 0, 7*l = 3*l - o + 74160. Is l a prime number?
True
Let u = 7 - 4. Suppose -s - 2*n = -n - 5, 0 = 2*s + u*n - 10. Suppose 0 = -s*p - 15, 2*h - 40 = -0*h - 2*p. Is h a composite number?
False
Let a(w) be the second derivative of w**5/20 - 11*w**4/12 - 11*w**3/6 + w**2 + 11*w. Is a(12) a composite number?
True
Let f = -59151 - -107450. Is f prime?
True
Is (-33)/(-132) + 3163*356/16 a prime number?
False
Suppose 2*p = p + 34. Suppose 0 = v - 80 - p. Let i = -67 + v. Is i a prime number?
True
Suppose -6*p + 2*p = 1056. Let s = p - -4. Let q = s + 915. Is q a composite number?
True
Let p = -33 + 33. Let i be (548/8 + p)*6. Suppose 4*v + 766 = -4*x + 2418, x + 2*v = i. Is x a composite number?
True
Let f be 22/(-242) - 2/(-22). Let i(u) = -3*u - 1. Let a be i(-5). Suppose x - 141 + a = f. Is x composite?
False
Let g = 10 - 10. Let t be (-6)/((-6)/3 + g). Is 220/t + (-2)/(-3) a composite number?
True
Suppose -2*d + 3*v + 7779 = 2646, 2*v = 3*d - 7687. Is d a prime number?
False
Suppose -4*c + 33210 = 2*b, 31*b - 33*b + 33207 = c. Is b a composite number?
False
Let u be (-3)/15 + 3422/10. Let y = 199 + u. Is y prime?
True
Let g(z) = -9*z**3 - 4*z**2 - z - 4. Let j be g(3). Let b be 2/4 - 5958/(-12). Let t = b + j. Is t a composite number?
False
Let b(x) be the third derivative of 7*x**6/360 + x**5/24 - 5*x**4/24 - 6*x**2. Let i(s) be the second derivative of b(s). Is i(9) a prime number?
True
Suppose 2*q + q + 17187 = 2*d, -2*d - q = -17207. Suppose -m = -4*m + d. Is m prime?
False
Suppose -a = -2*o + 3903, 0 = -4*o - 11*a + 8*a + 7831. Is o a prime number?
False
Let y = -15529 - -31488. Is y composite?
False
Suppose -4*o - 70 = -2*o. Let j = 82 + o. Is j composite?
False
Suppose 5*j = -222 - 123. Let u be 5/45*9 - -11. Is j*(-4)/(u/3) a prime number?
False
Let g(s) = s**2 + 9*s - 3. Let l be g(-6). Let w = l + 21. Suppose w*r = r - 55. Is r a composite number?
True
Suppose q + 2*o = -0*o + 7, 0 = -3*q - o + 1. Is q/1*(2 - 903) a prime number?
False
Suppose -m + 3 = m - 5*n, m = -3*n + 29. Suppose -3*c + m*c = 3421. Is c a prime number?
True
Suppose -u + 65 = 5*j + 4*u, 0 = 5*u + 25. Suppose 3*y + 3 = j. Suppose 4*g = 5*k + 101, y*k - 1 = -g - 7. Is g composite?
False
Let g = -312 + 132. Let d = 570 + g. Suppose -5*n = -c - d, 0 = -n + 2*n + 5*c - 104. Is n composite?
False
Let d(a) = -2*a**3 + 4 - 4*a**2 + 4*a**2 - 7*a**2 - 7*a - 9. Let k be d(-4). Suppose -x + 250 = k. Is x prime?
True
Suppose -3*y + 9780 = 3*l, -3*y + l + 9775 = -l. Is y a prime number?
True
Let a = -8 - -53. Suppose 0 = a*o - 49*o + 6244. Is o prime?
False
Suppose c + 5*g = 2856, 5*c + 2*g - 14300 = -3*g. Is c a composite number?
False
Suppose 5*c + q + q = -3459, -2*c - 2*q = 1380. Let x = 2134 + c. Is x a composite number?
True
Suppose 2*n + 579 = g + 6*n, 3*g - 5*n - 1754 = 0. Suppose 12*f = g + 2501. Is f prime?
True
Let l(q) = -q**2 - 5*q + 8. Let a be l(-6). Suppose -a*b + b - 1 = 0. Is 1 + (b + 1219)/1 a composite number?
True
Let s = -6930 + 12911. Is s a composite number?
False
Let x be 5/(20/52) - 2. Let m = 105 - x. Is m a prime number?
False
Let q = 1044 - 608. Let y = q + 291. Is y a prime number?
True
Let a = -4297 + 10218. Is a prime?
False
Let k(q) = 91*q**2 + q + 2. Suppose -2*l - 4 = -8. Let u be k(l). Let b = u + 78. Is b composite?
True
Let f(t) be the third derivative of -t**4/24 - t**3/6 - 2*t**2. Let b be f(-3). Suppose b*v = -8*a + 3*a + 99, -5*a + 89 = -3*v. Is a prime?
True
Suppose 3 + 13 = -4*c, -5*i = 4*c - 52119. Is i composite?
False
Let a be 6/4 + (-9681)/(-14). Suppose -15*m = -18*m + a. Let t = m - 112. Is t a composite number?
True
Suppose h - 3*r - 16 = -4*h, -2*r + 6 = 5*h. Let n(v) = -v**h + 4 + 3*v**2 + 1. Is n(5) a prime number?
False
Let x = -582 + 829. Suppose 3*d + x = -2*u, u + 4*d - 328 = 4*u. Let f = u + 167. Is f a prime number?
False
Suppose 0 = 2*a - 4*x - 468 - 150, 5*a - 3*x - 1559 = 0. Suppose 14*n - 120 = 9*n. Let t = a + n. Is t prime?
True
Is (-47062*(-4)/(-8))/(-1) composite?
False
Suppose 0 = -5*n + n - 44. Let a = n - -16. Suppose a*c - 85 = 170. Is c a prime number?
False
Let a = -513 + 296. Let b = 374 + a. Is b prime?
True
Let q = -2015 - -3024. Is q a prime number?
True
Let a(d) = -213*d - 86. Is a(-15) a composite number?
False
Suppose -5*w - 17134 = -91979. Is w prime?